10*j - 9. Give u(-6).
3
Let f(s) = -s**3 - 19*s**2 + 18. Determine f(-19).
18
Let h(s) = s**3 + 6*s**2 + 9*s + 7. Give h(-4).
3
Let f(g) = 7*g + 16. What is f(-10)?
-54
Let x(v) = -13*v + 146. Calculate x(11).
3
Let g(z) = z**3 + 15*z**2 - 79*z - 61. Give g(-19).
-4
Let w(m) = 4*m**2 - 29*m - 17. Give w(8).
7
Let g(u) = 26*u. Give g(1).
26
Let s(k) = -3*k - 55. Determine s(-22).
11
Let k(i) = -i**2 + 12*i - 6. Give k(10).
14
Let c(x) = -x**3 - 9*x**2 + 19*x - 26. Calculate c(-11).
7
Let t(p) = p**3 - 4*p**2 - 13*p + 12. What is t(6)?
6
Let o(y) = -y. Determine o(-1).
1
Let t(y) = 2*y**3 - 19*y**2 - 10*y - 13. Give t(10).
-13
Let x(d) = 3*d**3 + d**2 - 12*d - 3. Give x(-4).
-131
Let d(w) = w**3 + w**2 + 5*w + 2. What is d(3)?
53
Let q(g) = g**2 + 23*g - 45. Give q(-25).
5
Let v(z) = z**2 + 8*z + 4. Determine v(-3).
-11
Let n(x) = -56*x**2 + 3*x - 1. Give n(1).
-54
Let p(j) = -16*j - 32. Determine p(-4).
32
Let m(c) = 2*c**3 + 18*c**2 - 2*c - 18. Determine m(-9).
0
Let b(l) = l - 33. Determine b(0).
-33
Let c(k) = 53*k - 745. Calculate c(14).
-3
Let h(x) = -2*x**2 - 4*x + 4. What is h(-6)?
-44
Let u(x) = 32*x - 85. What is u(3)?
11
Let c(s) = s**3 + 4*s**2 - 2*s - 4. What is c(-4)?
4
Let x(i) = i - 12. Calculate x(-11).
-23
Let m(u) = -3*u + 5. Calculate m(2).
-1
Let k(m) = -m**2 - 17*m + 11. Calculate k(-17).
11
Let o(b) = -b**3 + 45*b**2 + 94*b - 10. What is o(47)?
-10
Let j(x) = 6*x**2 + 5*x - 10. What is j(-4)?
66
Let b(d) = 66*d - 192. What is b(3)?
6
Let t(b) = 12*b - 37. What is t(7)?
47
Let d(q) = 9*q + 63. Give d(-5).
18
Let u(t) = -10*t + 4. Determine u(8).
-76
Let m(j) = -3*j**3 + 10*j**2 - 3*j + 3. Determine m(4).
-41
Let r(q) = -19*q - 2. Give r(-1).
17
Let f(x) = -20*x + 7. Determine f(3).
-53
Let o(w) = -w**3 + 14*w**2 - 21. Determine o(14).
-21
Let o(i) = 10*i**3 - 2*i**2 + 7*i - 7. Calculate o(1).
8
Let h(l) = -72*l - 277. Calculate h(-4).
11
Let a(b) = 63*b + 1. Determine a(1).
64
Let c(g) = -g**2 + 10. Determine c(-8).
-54
Let a(q) = q - 1. Calculate a(1).
0
Let x(y) = y**3 - 4*y**2 - 5*y - 3. Calculate x(6).
39
Let b(m) = 5*m + 13. What is b(0)?
13
Let q(c) = c**2 + 22*c - 7. Calculate q(-23).
16
Let y(q) = 15*q + 81. What is y(-6)?
-9
Let o(d) = -22*d + 256. Calculate o(12).
-8
Let y(x) = -x**2 + 16*x - 22. Determine y(13).
17
Let x(b) = 2*b**3 - 13*b**2 - 8*b - 5. Determine x(7).
-12
Let o(z) = -z - 16. Give o(-5).
-11
Let k(v) = -v**3 - 9*v**2 - 6*v - 1. Give k(-8).
-17
Let l(d) = -d**3 - 14*d**2 - 14*d - 33. What is l(-13)?
-20
Let a(z) = z**3 + 7*z**2 - z - 11. Give a(-5).
44
Let j(d) = 6*d**3 + 3*d**2 + 8*d + 3. Calculate j(-2).
-49
Let n(i) = i**2 - 11*i + 37. What is n(7)?
9
Let w(g) = -9*g - 48. Determine w(-6).
6
Let h(r) = -r + 14. Give h(8).
6
Let m(s) = s**3 - 3*s**2 - 27*s - 7. Determine m(7).
0
Let a(m) = -2*m**3 + 82*m**2 + 26. What is a(41)?
26
Let p(c) = c**3 - 7*c**2 + 13*c - 8. Determine p(6).
34
Let y(w) = w**3 + 8*w**2 + 10*w - 13. Determine y(-6).
-1
Let p(a) = 12*a - 30. What is p(7)?
54
Let l(d) = d**2 - 4*d - 1. What is l(4)?
-1
Let u(z) = z**3 + 7*z**2 - 4*z + 6. What is u(-6)?
66
Let o(y) = -2*y**3 + 77*y**2 - 39*y + 39. Calculate o(38).
1
Let x(c) = -13*c**2 - 9*c - 9. What is x(-1)?
-13
Let j(f) = f**3 + 11*f**2 + 6*f - 22. What is j(-9)?
86
Let b(l) = 17*l**3 + l**2. Calculate b(-1).
-16
Let l(q) = -q - 1. Calculate l(2).
-3
Let y(p) = -p + 2. Calculate y(-2).
4
Let y(s) = -s**3 - 18*s**2 - 3*s - 53. Give y(-18).
1
Let u(h) = 5*h - 28. Give u(-22).
-138
Let i(v) = -34*v - 2. What is i(2)?
-70
Let f(x) = 3*x**3 - x**2 - 2. Determine f(2).
18
Let v(t) = -t**2 - 30*t + 265. What is v(7)?
6
Let b(p) = -3*p**2 - p + 37. What is b(-4)?
-7
Let c(b) = -b + 7. Give c(7).
0
Let j(c) = -c - 55. Determine j(10).
-65
Let o(d) = -2*d**2 + 16*d - 8. Calculate o(7).
6
Let s(p) = -p**3 + 18*p**2 - 31*p + 22. Determine s(16).
38
Let g(i) = 30*i**2 + 2*i. What is g(1)?
32
Let u(l) = -3*l - 86. Determine u(-12).
-50
Let t(j) = -j**2 + 2*j. Give t(3).
-3
Let l(s) = 2*s + 8. Determine l(-7).
-6
Let m(z) = 5*z - 19. Give m(8).
21
Let y(t) = -t**2 - 20*t - 78. Calculate y(-14).
6
Let k(o) = -o**2 + 22*o - 110. Calculate k(13).
7
Let v(h) = -8*h + 55. Calculate v(7).
-1
Let c(o) = o**3 + 2*o**2 + o + 2. What is c(-3)?
-10
Let h(c) = 2*c**2 + 13*c - 48. Calculate h(-10).
22
Let q(o) = 9*o - 111. Calculate q(12).
-3
Let l(o) = -o**3 + 18*o**2 - 18*o + 23. What is l(17)?
6
Let f(o) = -o**2 - o + 63. Determine f(0).
63
Let y(v) = -v**2 - 27*v - 4. What is y(-27)?
-4
Let z(r) = -11*r + 8. Give z(-5).
63
Let v(y) = -11*y**3 - 3*y**2 + 3*y + 3. Calculate v(-2).
73
Let d(i) = -i**2 + 12*i - 39. Give d(7).
-4
Let q(o) = -o**3 + 22*o**2 - 21*o + 29. Give q(21).
29
Let a(z) = 4*z - 18. What is a(10)?
22
Let j(q) = 5*q - 38. What is j(12)?
22
Let n(t) = -2*t**3 - 7*t**2 - 10. Calculate n(-4).
6
Let y(a) = a + 31. Give y(-13).
18
Let v(c) = -c**3 + 2*c**2 - 14. Calculate v(0).
-14
Let y(u) = u**2 - 11*u + 61. Calculate y(7).
33
Let p(j) = -3*j + 29. Calculate p(7).
8
Let m(w) = -w**2 + 2*w + 2. Determine m(3).
-1
Let d(f) = f**2 + 8*f + 9. Calculate d(-6).
-3
Let f(j) = j**2 - 66*j + 366. Calculate f(60).
6
Let i(o) = o - 4. Give i(10).
6
Let z(c) = -2*c - 13. Calculate z(-10).
7
Let i(n) = -4*n**2 - 6*n + 47. Give i(4).
-41
Let z(i) = -i + 11. Calculate z(13).
-2
Let g(n) = n + 5. Give g(-6).
-1
Let s(q) = q**2 + 8*q + 21. What is s(-6)?
9
Let v(f) = -3*f + 56. Calculate v(13).
17
Let k(o) = 18*o**2 - o - 2. Calculate k(-1).
17
Let r(v) = -2*v**2 - 4*v + 6. Calculate r(-5).
-24
Let c(p) = p**3 + p**2 + 2*p + 8. Give c(-5).
-102
Let f(p) = -3*p**2 - 4*p + 51. Calculate f(4).
-13
Let m(j) = j**3 + 6*j**2 - 5*j - 24. Determine m(-6).
6
Let m(w) = w**3 - 7*w**2 + 7*w + 2. Give m(6).
8
Let z(v) = 2*v + 53. Give z(-26).
1
Let v(x) = -2*x**2 - 32*x + 5. What is v(-16)?
5
Let u(b) = 15*b - 122. Calculate u(7).
-17
Let r(b) = -b**2 + 6*b + 2. What is r(-5)?
-53
Let c(r) = r**3 - 14*r**2 + 46*r - 5. Calculate c(9).
4
Let t(n) = 24*n - 1110. What is t(46)?
-6
Let y(w) = 7*w**2 + 6*w + 12. Calculate y(-3).
57
Let w(q) = -3*q**2 + 2*q + 8. Give w(-2).
-8
Let i(v) = 8*v + 2. Give i(-3).
-22
Let u(k) = -2*k**2 - 14*k + 9. What is u(-7)?
9
Let s(h) = h + 4. Give s(-10).
-6
Let g(d) = -d**2 + 201. What is g(14)?
5
Let l(s) = s**2 - 4*s - 5. Determine l(4).
-5
Let u(b) = b**2 + 2*b + 2. Give u(-2).
2
Let x(f) = 2*f**2 + 7*f - 4. Determine x(-3).
-7
Let k(r) = -20*r**2 - 3*r - 3. What is k(-1)?
-20
Let f(u) = -3*u + 19. What is f(10)?
-11
Let v(x) = -16*x**2 + x + 1. Give v(-2).
-65
Let w(g) = g**3 + 10*g**2 + 16*g + 11. What is w(-8)?
11
Let q(n) = -2*n + 4. Calculate q(-5).
14
Let k(z) = 3*z**2 - 12*z - 2. Give k(4).
-2
Let n(o) = -o**3 - 6*o**2 - 3*o + 4. Give n(-3).
-14
Let d(t) = -t**3 - 5*t**2 - 7*t - 20. Determine d(-4).
-8
Let m(v) = -v**2 - 4*v + 14. Calculate m(-10).
-46
Let l(z) = z**2 - 5*z + 2. Give l(4).
-2
Let h(v) = v**2 + 14*v + 24. Calculate h(-12).
0
Let s(b) = -3*b - 16. Give s(-3).
-7
Let v(p) = p + 6. Calculate v(-5).
1
Let j(r) = r + 3. Give j(-22).
-19
Let z(u) = u**3 + 10*u**2 + 6*u + 15. What is z(-10)?
-45
Let m(w) = -w - 11. Determine m(9).
-20
Let r(b) = -b + 14. Determine r(8).
6
Let o(w) = w**2 - 13*w + 28. Determine o(7).
-14
Let d(u) = u**3 - 9*u**2 - 12*u + 7. What is d(10)?
-13
Let q(z) = -144*z - 433. Determine q(-3).
-1
Let m(d) = -2*d**2 + 15*d - 10. Determine m(11).
-87
Let u(b) = b**2 - 2*b. What is u(3)?
3
Let d(s) = -15*s**2 + s - 1. Calculate d(1).
-15
Let x(b) = -2*b**3 + b**2 - b + 7. Give x(3).
-41
Let r(o) = -3*o + 100. What is r(23)?
31
Let b(s) = -2*s - 42. Determine b(-20).
-2
Let o(b) = b**3 + 6*b**2 - 2*b - 23. What is o(-6)?
-11
Let r(y) = y**3 + 8*y**2 + 15*y + 11. Give r(-6).
-7
Let y(r) = -3*r**3 + 19*r**2 - 6*r - 3. Give y(6).
-3
Let v(x) = 50*x - 207. Calculate v(4).
-7
Let n(b) = -b**3 + 6*b**2 + b - 2. Give n(6).
4
Let r(i) = i**3 - 15*i**2 - 36*i - 4. Give r(17).
-38
Let w(t) = -2*t - 6. What is w(-9)?
12
Let r(q) = q - 17. Calculate r(18).
1
Let r(c) = c**3 - 4*c**2 - 34*c + 9. What is r(8)?
-7
Let l(o) = -o**3 - 9*o**2 + 10*o - 44. Give l(-10).
-44
Let f(m) = 2*m + 7. What is f(0)?
7
Let y(f) = -f**2 - 8*f + 4. Determine y(-9).
-5
Let j(w) = w**3 - 6*w**2 + 5*w + 5. What is j(5)?
5
L